{"id":2626,"date":"2023-12-01T13:09:03","date_gmt":"2023-12-01T13:09:03","guid":{"rendered":"https:\/\/scap.lu\/?post_type=event&#038;p=2626"},"modified":"2025-07-21T11:52:29","modified_gmt":"2025-07-21T09:52:29","slug":"adhs-diagnose-und-nun","status":"publish","type":"event","link":"https:\/\/scap.lu\/fr\/veranstaltung\/adhs-diagnose-und-nun\/","title":{"rendered":"\u00abDiagnostic TDA\/H et maintenant?\u00bb #2"},"content":{"rendered":"<p>\u201eUne sensibilisation approfondie est le premier pas vers une am\u00e9lioration de la situation.\u201c<\/p>\n<p>Votre enfant vient de recevoir le diagnostic ou vous avez la suspicion qu\u2019il pourrait \u00eatre concern\u00e9?<br \/>\nVous \u00eates ins\u00e9curis\u00e9(e) par les jugements de votre entourage ?<br \/>\nVous \u00eates enseignant(e) et aimeriez recevoir un premier aper\u00e7u? Alors ne manquez pas notre webinaire d\u2019information sur le TDAH et inscrivez-vous.<\/p>\n<p><strong>Langue de l\u2019\u00e9v\u00e8nement: allemand\/ luxembourgeois<br \/>\n<\/strong><\/p>\n","protected":false},"excerpt":{"rendered":"<p>\u201eUne sensibilisation approfondie est le premier pas vers une am\u00e9lioration de la situation.\u201c Votre enfant vient de recevoir le diagnostic ou vous avez la suspicion qu\u2019il pourrait \u00eatre concern\u00e9? Vous&#8230;<\/p>\n","protected":false},"featured_media":2753,"template":"","event_category":[32,30,33],"class_list":{"0":"post-2626","1":"event","2":"type-event","3":"status-publish","4":"has-post-thumbnail","6":"event_category-atelier-pour-parents","7":"event_category-formation-continue-pour-professionnels","8":"event_category-webinar-fr"},"acf":[],"_links":{"self":[{"href":"https:\/\/scap.lu\/fr\/wp-json\/wp\/v2\/event\/2626","targetHints":{"allow":["GET"]}}],"collection":[{"href":"https:\/\/scap.lu\/fr\/wp-json\/wp\/v2\/event"}],"about":[{"href":"https:\/\/scap.lu\/fr\/wp-json\/wp\/v2\/types\/event"}],"version-history":[{"count":10,"href":"https:\/\/scap.lu\/fr\/wp-json\/wp\/v2\/event\/2626\/revisions"}],"predecessor-version":[{"id":3765,"href":"https:\/\/scap.lu\/fr\/wp-json\/wp\/v2\/event\/2626\/revisions\/3765"}],"wp:featuredmedia":[{"embeddable":true,"href":"https:\/\/scap.lu\/fr\/wp-json\/wp\/v2\/media\/2753"}],"wp:attachment":[{"href":"https:\/\/scap.lu\/fr\/wp-json\/wp\/v2\/media?parent=2626"}],"wp:term":[{"taxonomy":"event_category","embeddable":true,"href":"https:\/\/scap.lu\/fr\/wp-json\/wp\/v2\/event_category?post=2626"}],"curies":[{"name":"wp","href":"https:\/\/api.w.org\/{rel}","templated":true}]}}

<p>„Une sensibilisation approfondie est le premier pas vers une amélioration de la situation.“</p>
<p>Votre enfant vient de recevoir le diagnostic ou vous avez la suspicion qu’il pourrait être concerné?<br />
Vous êtes insécurisé(e) par les jugements de votre entourage ?<br />
Vous êtes enseignant(e) et aimeriez recevoir un premier aperçu? Alors ne manquez pas notre webinaire d’information sur le TDAH et inscrivez-vous.</p>
<p><strong>Langue de l’évènement: allemand/ luxembourgeois<br />
</strong></p>

<p>„Une sensibilisation approfondie est le premier pas vers une amélioration de la situation.“ Votre enfant vient de recevoir le diagnostic ou vous avez la suspicion qu’il pourrait être concerné? Vous&#8230;</p>
