{"id":3143,"date":"2024-06-28T09:47:21","date_gmt":"2024-06-28T09:47:21","guid":{"rendered":"https:\/\/scap.lu\/veranstaltung\/fete-du-mouvement\/"},"modified":"2024-10-07T09:50:08","modified_gmt":"2024-10-07T09:50:08","slug":"fete-du-mouvement","status":"publish","type":"event","link":"https:\/\/scap.lu\/fr\/veranstaltung\/fete-du-mouvement\/","title":{"rendered":"F\u00eate du mouvement"},"content":{"rendered":"<p>Dans le cadre du 40e anniversaire de notre association gestionnaire \u00ab\u00a0L\u00ebtzebuerger Aktiounskrees Psychomotorik asbl\u00a0\u00bb nous annon\u00e7ons notre f\u00eate du mouvement qui aura lieu le samedi, 9 novembre 2024. La matin\u00e9e nous proposerons des ateliers pour professionnels autour du sujet de la psychomotricit\u00e9. L&rsquo;apr\u00e8s-midi nous ouvrons nos portes aux familles qui sont int\u00e9ress\u00e9es \u00e0 d\u00e9couvrir les localit\u00e9s du LAP\/SCAP et proposerons une vari\u00e9t\u00e9 d&rsquo;ateliers psychomoteurs pour enfants. <strong>Inscription obligatoire pour les ateliers. Vous trouvez des informations plus d\u00e9taill\u00e9es sur <a href=\"https:\/\/lap.lu\/veranstaltung\/test-event\/\" target=\"_blank\" rel=\"noopener\">le site du LAP<\/a>.<br \/>\n<\/strong><\/p>\n","protected":false},"excerpt":{"rendered":"<p> &#8211; Save the date!<\/p>\n","protected":false},"featured_media":1820,"template":"","event_category":[46,30],"class_list":{"0":"post-3143","1":"event","2":"type-event","3":"status-publish","4":"has-post-thumbnail","6":"event_category-fete-du-mouvement","7":"event_category-formation-continue-pour-professionnels"},"acf":[],"_links":{"self":[{"href":"https:\/\/scap.lu\/fr\/wp-json\/wp\/v2\/event\/3143","targetHints":{"allow":["GET"]}}],"collection":[{"href":"https:\/\/scap.lu\/fr\/wp-json\/wp\/v2\/event"}],"about":[{"href":"https:\/\/scap.lu\/fr\/wp-json\/wp\/v2\/types\/event"}],"version-history":[{"count":13,"href":"https:\/\/scap.lu\/fr\/wp-json\/wp\/v2\/event\/3143\/revisions"}],"predecessor-version":[{"id":3441,"href":"https:\/\/scap.lu\/fr\/wp-json\/wp\/v2\/event\/3143\/revisions\/3441"}],"wp:featuredmedia":[{"embeddable":true,"href":"https:\/\/scap.lu\/fr\/wp-json\/wp\/v2\/media\/1820"}],"wp:attachment":[{"href":"https:\/\/scap.lu\/fr\/wp-json\/wp\/v2\/media?parent=3143"}],"wp:term":[{"taxonomy":"event_category","embeddable":true,"href":"https:\/\/scap.lu\/fr\/wp-json\/wp\/v2\/event_category?post=3143"}],"curies":[{"name":"wp","href":"https:\/\/api.w.org\/{rel}","templated":true}]}}

Fête du mouvement

<p>Dans le cadre du 40e anniversaire de notre association gestionnaire « Lëtzebuerger Aktiounskrees Psychomotorik asbl » nous annonçons notre fête du mouvement qui aura lieu le samedi, 9 novembre 2024. La matinée nous proposerons des ateliers pour professionnels autour du sujet de la psychomotricité. L&rsquo;après-midi nous ouvrons nos portes aux familles qui sont intéressées à découvrir les localités du LAP/SCAP et proposerons une variété d&rsquo;ateliers psychomoteurs pour enfants. <strong>Inscription obligatoire pour les ateliers. Vous trouvez des informations plus détaillées sur <a href="https://lap.lu/veranstaltung/test-event/" target="_blank" rel="noopener">le site du LAP</a>.<br />
</strong></p>
